 thousands digit of 266739?
6
What is the hundred thousands digit of 1502582?
5
What is the thousands digit of 3406100?
6
What is the hundreds digit of 2677303?
3
What is the tens digit of 239702?
0
What is the units digit of 18675466?
6
What is the hundred thousands digit of 257725?
2
What is the units digit of 185540?
0
What is the ten thousands digit of 1591050?
9
What is the hundred thousands digit of 2044161?
0
What is the units digit of 4340?
0
What is the hundreds digit of 772483?
4
What is the millions digit of 5003527?
5
What is the tens digit of 20693794?
9
What is the hundred thousands digit of 1065362?
0
What is the tens digit of 29521?
2
What is the hundred thousands digit of 1526246?
5
What is the ten thousands digit of 422957?
2
What is the units digit of 40143?
3
What is the ten thousands digit of 263695?
6
What is the tens digit of 294063?
6
What is the units digit of 2224336?
6
What is the tens digit of 547067?
6
What is the ten thousands digit of 3853842?
5
What is the hundred thousands digit of 1516028?
5
What is the ten thousands digit of 65997?
6
What is the ten thousands digit of 3491477?
9
What is the units digit of 4171542?
2
What is the ten millions digit of 20961230?
2
What is the thousands digit of 1030878?
0
What is the millions digit of 11518040?
1
What is the hundred thousands digit of 1571651?
5
What is the tens digit of 280513?
1
What is the hundreds digit of 5199602?
6
What is the units digit of 2552061?
1
What is the millions digit of 5985318?
5
What is the thousands digit of 103232?
3
What is the thousands digit of 2721236?
1
What is the thousands digit of 2310552?
0
What is the tens digit of 4594267?
6
What is the millions digit of 1122982?
1
What is the millions digit of 26347606?
6
What is the hundred thousands digit of 286263?
2
What is the thousands digit of 417252?
7
What is the thousands digit of 81384?
1
What is the units digit of 270644?
4
What is the thousands digit of 111207?
1
What is the ten thousands digit of 949768?
4
What is the millions digit of 14799827?
4
What is the thousands digit of 456657?
6
What is the thousands digit of 83535?
3
What is the hundred thousands digit of 578768?
5
What is the thousands digit of 1598373?
8
What is the hundreds digit of 1390839?
8
What is the ten thousands digit of 1183458?
8
What is the tens digit of 124939?
3
What is the ten thousands digit of 3392150?
9
What is the hundreds digit of 3059588?
5
What is the thousands digit of 478163?
8
What is the millions digit of 2458719?
2
What is the units digit of 301733?
3
What is the units digit of 255639?
9
What is the hundreds digit of 507978?
9
What is the ten thousands digit of 46280?
4
What is the ten thousands digit of 1933555?
3
What is the millions digit of 11954948?
1
What is the hundred thousands digit of 262331?
2
What is the millions digit of 1626002?
1
What is the tens digit of 2799940?
4
What is the units digit of 17219514?
4
What is the tens digit of 1313907?
0
What is the hundreds digit of 956688?
6
What is the hundred thousands digit of 269287?
2
What is the thousands digit of 7591665?
1
What is the hundreds digit of 98474?
4
What is the tens digit of 9484571?
7
What is the ten thousands digit of 8217360?
1
What is the units digit of 879268?
8
What is the units digit of 13726040?
0
What is the units digit of 1021936?
6
What is the ten thousands digit of 1645449?
4
What is the hundred thousands digit of 9671291?
6
What is the ten thousands digit of 1348683?
4
What is the tens digit of 1510921?
2
What is the thousands digit of 1515226?
5
What is the thousands digit of 7170246?
0
What is the hundreds digit of 5106654?
6
What is the tens digit of 58010?
1
What is the tens digit of 13854439?
3
What is the hundred thousands digit of 3410135?
4
What is the millions digit of 3976955?
3
What is the tens digit of 12160423?
2
What is the ten thousands digit of 649473?
4
What is the units digit of 17646328?
8
What is the millions digit of 1106957?
1
What is the hundred thousands digit of 13748047?
7
What is the hundred thousands digit of 4023348?
0
What is the tens digit of 14645?
4
What is the ten thousands digit of 6766058?
6
What is the hundreds digit of 425990?
9
What is the hundreds digit of 2618178?
1
What is the ten thousands digit of 34207384?
0
What is the ten thousands digit of 10500614?
0
What is the hundred thousands digit of 3552733?
5
What is the thousands digit of 53987?
3
What is the millions digit of 1050381?
1
What is the hundreds digit of 1139457?
4
What is the hundreds digit of 1085531?
5
What is the ten thousands digit of 296317?
9
What is the millions digit of 3482931?
3
What is the tens digit of 9269989?
8
What is the thousands digit of 1176806?
6
What is the hundreds digit of 18232763?
7
What is the millions digit of 16297187?
6
What is the hundreds digit of 3932353?
3
What is the thousands digit of 3194220?
4
What is the millions digit of 9189941?
9
What is the hundreds digit of 2902368?
3
What is the tens digit of 7697596?
9
What is the ten thousands digit of 220271?
2
What is the thousands digit of 7809067?
9
What is the hundred thousands digit of 6397039?
3
What is the thousands digit of 1125907?
5
What is the hundred thousands digit of 130135?
1
What is the hundreds digit of 327653?
6
What is the hundred thousands digit of 325912?
3
What is the hundreds digit of 814899?
8
What is the tens digit of 148414?
1
What is the hundred thousands digit of 133291?
1
What is the ten thousands digit of 385168?
8
What is the ten thousands digit of 3864311?
6
What is the units digit of 81360?
0
What is the tens digit of 219860?
6
What is the units digit of 6266904?
4
What is the units digit of 186561?
1
What is the ten thousands digit of 410871?
1
What is the ten thousands digit of 373448?
7
What is the millions digit of 23818013?
3
What is the units digit of 11013801?
1
What is the units digit of 399822?
2
What is the tens digit of 3635346?
4
What is the tens digit of 274177?
7
What is the hundreds digit of 659257?
2
What is the tens digit of 848540?
4
What is the tens digit of 7371458?
5
What is the thousands digit of 868178?
8
What is the thousands digit of 3185275?
5
What is the thousands digit of 355502?
5
What is the hundred thousands digit of 1569977?
5
What is the hundred thousands digit of 137671?
1
What is the thousands digit of 477170?
7
What is the units digit of 4702540?
0
What is the units digit of 601387?
7
What is the thousands digit of 1754824?
4
What is the ten thousands digit of 5459546?
5
What is the units digit of 2345810?
0
What is the ten thousands digit of 639071?
3
What is the thousands digit of 2264960?
4
What is the ten thousands digit of 882773?
8
What is the millions digit of 12788046?
2
What is the ten thousands digit of 32279502?
7
What is the hundred thousands digit of 301965?
3
What is the thousands digit of 527187?
7
What is the units digit of 5302070?
0
What is the hundreds digit of 535569?
5
What is the units digit of 208938?
8
What is the hundreds digit of 277275?
2
What is the hundred thousands digit of 3146481?
1
What is the thousands digit of 10173967?
3
What is the units digit of 3309753?
3
What is the tens digit of 618063?
6
What is the tens digit of 38770?
7
What is the tens digit of 3433865?
6
What is the hundreds digit of 28339309?
3
What is the thousands digit of 864267?
4
What is the hundred thousands digit of 1849394?
8
What is the units digit of 2226876?
6
What is the hundred thousands digit of 108848?
1
What is the tens digit of 9388262?
6
What is the hundreds digit of 10629621?
6
What is the units digit of 729481?
1
What is the ten thousands digit of 5594929?
9
What is the tens digit of 707501?
0
What is the hundred thousands digit of 40620347?
6
What is the tens digit of 8047161?
6
What is the tens digit of 2837209?
0
What is the hundreds digit of 19433269?
2
What is the units digit of 1100028?
8
What is the ten thousands digit of 626867?
2
What is the hundreds digit of 929566?
5
What is the thousands digit of 4340245?
0
What is the ten thousands digit of 329722?
2
What is the millions digit of 1610262?
1
What is the hundred thousands digit of 167606?
1
What is the hundred thousands digit of 2667489?
6
What is the ten thousands digit of 143